es 58 divide 7308?
True
Is 1660 a multiple of 10?
True
Does 62 divide 868?
True
Is 96 a factor of 26400?
True
Is 192 a multiple of 8?
True
Is 5 a factor of 1471?
False
Is 47827 a multiple of 169?
True
Does 8 divide 53?
False
Is 2146 a multiple of 37?
True
Is 210 a factor of 9660?
True
Does 49 divide 1060?
False
Does 26 divide 6022?
False
Does 2 divide 35?
False
Is 19 a factor of 228?
True
Is 6 a factor of 11515?
False
Is 456 a multiple of 12?
True
Is 803 even?
False
Is 5 a factor of 970?
True
Is 4472 a multiple of 104?
True
Is 189 a multiple of 27?
True
Is 9 a factor of 1242?
True
Is 13 a factor of 37845?
False
Is 558 a multiple of 78?
False
Does 98 divide 14166?
False
Is 15522 a multiple of 17?
False
Is 11 a factor of 352?
True
Does 40 divide 1391?
False
Is 4 a factor of 9000?
True
Is 3 a factor of 10482?
True
Does 48 divide 15065?
False
Does 50 divide 3230?
False
Is 1562 a multiple of 71?
True
Does 24 divide 6480?
True
Does 19 divide 1444?
True
Is 131 a factor of 18210?
False
Is 11200 a multiple of 112?
True
Is 94 a multiple of 2?
True
Does 39 divide 710?
False
Does 22 divide 1367?
False
Is 190 a multiple of 38?
True
Is 72297 a multiple of 261?
True
Is 9112 a multiple of 12?
False
Is 1018 a multiple of 15?
False
Is 32277 a multiple of 210?
False
Is 1095 even?
False
Is 17388 a multiple of 38?
False
Is 40 a factor of 360?
True
Does 13 divide 4092?
False
Is 4828 a multiple of 71?
True
Is 61 a factor of 52948?
True
Is 1254 a multiple of 8?
False
Is 151 a multiple of 6?
False
Is 29277 a multiple of 20?
False
Is 19 a factor of 462?
False
Does 8 divide 424?
True
Is 712 a multiple of 21?
False
Does 12 divide 662?
False
Is 759 a multiple of 23?
True
Does 9 divide 1764?
True
Is 12130 a multiple of 17?
False
Is 6 a factor of 11418?
True
Is 287 a multiple of 55?
False
Is 2893 a multiple of 40?
False
Is 29 a factor of 670?
False
Is 27405 a multiple of 63?
True
Is 6 a factor of 3092?
False
Is 46 a factor of 2116?
True
Is 2107 a multiple of 3?
False
Is 26 a factor of 52?
True
Is 23915 a multiple of 5?
True
Is 20 a factor of 9407?
False
Does 20 divide 8060?
True
Is 35997 a multiple of 71?
True
Does 79 divide 542?
False
Is 32886 a multiple of 42?
True
Does 20 divide 1877?
False
Does 39 divide 312?
True
Does 20 divide 656?
False
Does 28 divide 506?
False
Does 34 divide 1326?
True
Is 15 a factor of 69075?
True
Is 16630 a multiple of 5?
True
Is 1319 a multiple of 41?
False
Is 70 a factor of 5749?
False
Is 3 a factor of 13798?
False
Does 16 divide 6944?
True
Is 1967 a multiple of 47?
False
Is 14 a factor of 6216?
True
Is 109 a factor of 92856?
False
Is 2253 a multiple of 38?
False
Is 9828 a multiple of 52?
True
Is 3225 a multiple of 129?
True
Does 24 divide 8856?
True
Does 23 divide 119606?
False
Is 86 a multiple of 15?
False
Is 4 a factor of 592?
True
Is 11 a factor of 761?
False
Is 11212 a multiple of 19?
False
Does 62 divide 96477?
False
Is 3382 a multiple of 89?
True
Does 77 divide 231?
True
Is 34 a factor of 40018?
True
Is 1544 a multiple of 4?
True
Is 1808 a multiple of 33?
False
Does 29 divide 634?
False
Is 295 a factor of 22420?
True
Is 59 a factor of 1475?
True
Is 220 a multiple of 20?
True
Is 37410 a multiple of 17?
False
Does 27 divide 42066?
True
Is 9 a factor of 7434?
True
Is 45 a factor of 2790?
True
Does 36 divide 792?
True
Is 43 a factor of 1548?
True
Is 6481 a multiple of 4?
False
Does 22 divide 28600?
True
Does 16 divide 80?
True
Does 35 divide 4130?
True
Does 36 divide 7488?
True
Is 19 a factor of 1919?
True
Is 183 a multiple of 3?
True
Is 31 a factor of 50840?
True
Is 10195 a multiple of 5?
True
Does 12 divide 336?
True
Is 2 a factor of 1580?
True
Does 45 divide 796?
False
Is 2548 a multiple of 213?
False
Is 11100 a multiple of 7?
False
Is 44 a factor of 132000?
True
Is 6 a factor of 1669?
False
Is 3 a factor of 73?
False
Does 5 divide 22788?
False
Does 25 divide 44025?
True
Is 2775 a multiple of 25?
True
Is 1164 a multiple of 79?
False
Is 59154 a multiple of 6?
True
Is 33 a factor of 666?
False
Is 32 a factor of 4576?
True
Does 29 divide 1827?
True
Does 84 divide 252?
True
Is 9 a factor of 171?
True
Does 39 divide 49?
False
Does 10 divide 24?
False
Does 18 divide 16492?
False
Is 242 a factor of 43592?
False
Does 57 divide 4534?
False
Is 19 a factor of 5645?
False
Is 36 a factor of 1008?
True
Is 74 a factor of 4588?
True
Does 192 divide 4944?
False
Does 112 divide 3696?
True
Does 51 divide 31531?
False
Does 21 divide 756?
True
Is 14 a factor of 32611?
False
Does 13 divide 2665?
True
Is 20643 a multiple of 12?
False
Does 15 divide 555?
True
Is 26 a factor of 49108?
False
Does 67 divide 8390?
False
Does 16 divide 5488?
True
Is 951 a multiple of 7?
False
Does 2 divide 97?
False
Is 1817 a multiple of 13?
False
Does 169 divide 11862?
False
Is 12 a factor of 248?
False
Is 36 a factor of 4990?
False
Does 10 divide 1160?
True
Is 14 a factor of 742?
True
Does 15 divide 4312?
False
Does 10 divide 391?
False
Is 6900 a multiple of 50?
True
Is 250 a multiple of 10?
True
Is 28 a factor of 1456?
True
Is 39861 a multiple of 129?
True
Is 39 a factor of 4833?
False
Is 2348 a multiple of 49?
False
Is 1001 even?
False
Does 6 divide 6147?
False
Is 307 a factor of 46106?
False
Is 7 a factor of 1083?
False
Is 139 a factor of 10940?
False
Is 4069 a multiple of 13?
True
Does 7 divide 511?
True
Does 21 divide 4654?
False
Does 9 divide 1944?
True
Does 168 divide 28820?
False
Is 38 a factor of 3040?
True
Is 67 a factor of 7393?
False
Does 22 divide 505?
False
Is 38 a factor of 1474?
False
Is 119 a multiple of 38?
False
Is 1903 a multiple of 11?
True
Does 92 divide 2024?
True
Is 336 a multiple of 16?
True
Does 103 divide 4360?
False
Does 40 divide 840?
True
Does 11 divide 1463?
True
Is 1089 a multiple of 9?
True
Is 2567 a multiple of 17?
True
Is 43241 a multiple of 9?
False
Is 36 a factor of 4425?
False
Does 6 divide 1086?
True
Is 16 a factor of 864?
True
Is 1560 a multiple of 13?
True
Is 11621 a multiple of 102?
False
Is 3273 a multiple of 19?
False
Is 60 a multiple of 2?
True
Is 31629 a multiple of 5?
False
Is 4617 a multiple of 19?
True
Does 5 divide 548?
False
Is 410 a multiple of 41?
True
Is 82 a factor of 11642?
False
Is 375 a multiple of 12?
False
Does 19 divide 3581?
False
Is 18 a factor of 25888?
False
Does 10 divide 2473?
False
Is 37 a factor of 740?
True
Is 13 a factor of 4914?
True
Is 150 a factor of 66600?
True
Is 3660 a multiple of 60?
True
Is 49 a factor of 52950?
False
Does 27 divide 2538?
True
Is 108 a factor of 12931?
False
Does 130 divide 273?
False
Is 37012 a multiple of 152?
False
Is 2769 a multiple of 3?
True
Does 5 divide 1090?
True
Is 7 a factor of 1882?
False
Is 37824 a multiple of 12?
True
Is 4371 a multiple of 14?
False
Does 90 divide 6769?
False
Is 91200 a multiple of 150?
True
Is 19 a factor of 152?
True
Is 563 a multiple of 4?
False
Is 1584 a multiple of 22?
True
Does 25 divide 25?
True
Is 80 a multiple of 5?
True
Does 67 divide 1340?
True
Is 3504 a multiple of 4?
True
Is 253 a multiple of 11?
True
Is 9338 a multiple of 7?
True
Is 10 a factor of 1980?
True
Is 1260 a multiple of 20?
True
Is 7448 a multiple of 8?
True
Is 29 a factor of 401?
False
Does 52 divide 676?
True
Does 6 divide 372?
True
Does 16 divide 2000?
True
Is 3 a factor of 84?
True
Does 9 divide 5506?
False
Is 110 a factor of 9350?
True
Is 55 a factor of 11220?
True
Is 644 a multiple of 8?
False
Does 7 divide 1592?
False
Does 22 divide 7414?
True
Is 10250 a multiple of 50?
True
Is 2581 a multiple of 12?
False
Is 6417 a multiple of 9?
True
Is 18618 a multiple of 29?
True
Does 5 divide 13249?
False
Is 40013 a multiple of 153?
False
Does 69 divide 897?
True
Is 1988 a multiple of 14?
True
Is 3 a factor of 680?
False
Does 12 divide 1977?
False
Is 70724 a multiple of 14?
False
Does 99 divide 6633?
True
Does 95 divide 1330?
True
Is 784 a multiple of 20?
False
Does 18 divide 10386?
True
Is 55318 a multiple of 127?
False
Does 105 divide 11655?
True
Is 14 a factor of 16170?
True
Is 109 a factor of 4679?
False
Does 6 divide 23064?
True
Does 113 divide 36882?
False
Does 108 divide 34776?
True
Is 1976 a multiple of 104?
True
Is 16 a factor of 1712?
True
Does 21 divide 17325?
True
Is 6667 a multiple of 34?
False
Is 7 a factor of 4032?
True
Is 113 a multiple of 3?
False
Does 57 divide 2736